 a be q(r). Let j(o) = o**2 - 3*o + 2. Determine j(a).
0
Let r(v) be the third derivative of v**5/60 + v**4/4 - v**3 + 22*v**2. Give r(-7).
1
Let u(h) = 0 - 3 + 1 - 2*h. Let s(c) = -c - 6. Let m be s(-8). Determine u(m).
-6
Let v be 5*(3 + 39/(-15)). Let k(n) = 11*n**2 + 5*n - 3 - 3*n + n**3 - 12*n**v. Determine k(2).
5
Let r(b) = -12*b + 2*b + 82 - 83. Determine r(-1).
9
Suppose 3*b + 0*b + 1 = -4*i, 3*i - 9 = b. Let l(x) = -x**2 - x**3 - 2*x - 2 - 2*x**2 + 3*x. What is l(b)?
-5
Let q(g) = 137*g**2 + 137*g**2 - 273*g**2 - g - g**3. Calculate q(0).
0
Let k(a) = 3*a - 1. Let q(m) = -m. Let w(s) = -k(s) - q(s). Suppose 5*d + 23 = 2*y, -3*d + 8*d = 3*y - 22. Give w(y).
3
Let i(c) = 21*c**3 + 3*c**2 - 5*c - 4. Let a(f) = 5*f**3 + f**2 - f - 1. Let q(s) = -9*a(s) + 2*i(s). Give q(-2).
15
Let u be -6*(-3)/18*2. Let i = u + 0. Let r(g) = g**3 - 2*g**2 - g + 2. Calculate r(i).
0
Let z(x) = x + 1. Let b(q) = 28*q + 21. Let c(a) = b(a) - 21*z(a). Let w = -18 - -19. Determine c(w).
7
Let q(g) = 0 + 2*g - 1 + 0. Suppose 5*w + 7 = -3. Give q(w).
-5
Let z(s) = -s**3 + 2*s**2 + s - 2. Let p be -1 + 0 + -3 + 7. Let g be ((-4)/(-6))/(1/p). Calculate z(g).
0
Let c(q) = q. Let z be 2*2*(-4)/((-32)/(-12)). Give c(z).
-6
Let b(n) = -n**2 + 5*n - 3. Let j(o) be the third derivative of -2*o**2 + 0*o + 0*o**3 + 0 + 1/24*o**4. Let l(c) = -b(c) + 2*j(c). Give l(2).
1
Let q(l) = 1 - l**2 - 2*l**3 + 6*l - 3*l + l - 5*l. Determine q(1).
-3
Let d(u) be the third derivative of -u**6/120 + u**5/60 - u**4/24 - u**3/6 + 38*u**2. Give d(-1).
2
Let l(r) = 4*r - 10. Let f(h) = 10 + 0*h - h - 4*h. Let b(p) = 3*f(p) + 4*l(p). Suppose -3*v + 5 = -3*c - 1, -c + 22 = 3*v. Determine b(v).
-4
Let o(b) be the third derivative of -b**4/24 - 5*b**3/6 - 12*b**2. What is o(7)?
-12
Let v(j) = -3*j + 0 - 2 + 2. Let l(q) = -15*q. Let u be -10 - (2 - (1 - 0)). Let p(n) = u*v(n) + 2*l(n). Calculate p(-3).
-9
Let m(u) = -2*u + 2. Let z be (-16)/72 - (-436)/18. Suppose 3*n + z = 7*n + 2*l, -3*l = n - 6. Suppose 4*w - w + n = 0. What is m(w)?
6
Let s(x) = x**3 - 3*x**2 + x - 1. Let z(n) = -n**3 + 4*n**2 - 2*n + 2. Let u(l) = -5*s(l) - 4*z(l). Let y be ((-4)/(-1))/(-4) - -3. Determine u(y).
-9
Let c be ((-260)/144 - -2)*12/56. Let h(g) be the third derivative of 1/30*g**5 - c*g**4 + g**2 + 0*g**3 + 0*g + 0. Calculate h(-2).
10
Let g(y) = 2*y + 2. Let h = 84 - 86. Give g(h).
-2
Let w(q) be the first derivative of -q**2 + 6*q - 1. Let f(h) = 5*h**2 + h. Let x be f(-1). Suppose 4*k = -4*i + x, -5*i - 8 = k + 3. Determine w(k).
-2
Let s(r) = -2*r**2 + 9*r + 13. Let o(b) = b**2 - 9*b - 12. Let t(l) = -3*o(l) - 2*s(l). What is t(-7)?
-4
Let z(d) = d**3 - 3*d**2 + 3. Let g be z(3). Let n(u) = 5*u**2 - 7*u**3 - 10*u**2 - 6*u + 8*u**g. Determine n(6).
0
Let t(f) = 1 - 1 + 1 + f + 2. What is t(3)?
6
Let a(f) = 4*f - 1. Let q(j) = -8*j + 3. Let o(h) = -7*a(h) - 4*q(h). Give o(4).
11
Let x(l) = -27*l + 16*l + 21*l + l**2 + 1. What is x(-5)?
-24
Let v(a) = 4 + 3*a - 6 - a - a. What is v(3)?
1
Let c(b) = b**3 + 16*b**2 + 3*b - 3. Let r(z) = 2*z**3 + 30*z**2 + 6*z - 5. Let a(u) = -11*c(u) + 6*r(u). Calculate a(-4).
-9
Let q = -4 + 3. Let w(c) be the first derivative of 2*c**3 - c - 36. Calculate w(q).
5
Suppose -k = 5*d + 15, 24 = -d - 0*k + 4*k. Let b(w) = w + 3. Calculate b(d).
-1
Suppose 4*p + 3 - 19 = 0. Let u(k) = -3 + 2*k - 2 - 1. Give u(p).
2
Suppose -6*p + 3*p - 26 = 5*b, -8 = 2*p + b. Let g(i) = i**3 + 2*i**2 - 3*i - 3. Determine g(p).
3
Let a(f) = f**3 + 11*f**2 - 13*f - 12. Let m be a(-12). Let l(t) be the third derivative of 1/24*t**4 + t**2 + 0 + m*t + 0*t**3. Calculate l(2).
2
Let i(f) = -f + 5. Let g = -18 - -18. Determine i(g).
5
Let c(k) = -19*k**3 - k. Suppose 2*u - 3 + 5 = 0. Determine c(u).
20
Let b be 4/(-3) + (-12)/18. Let w(s) be the second derivative of s**3/3 + 3*s**2/2 - s. Determine w(b).
-1
Let p(d) = d**3 - 5*d**2 + d + d - 6 + 3*d + d. What is p(5)?
24
Let f(q) be the second derivative of -q**4/12 - 2*q**3/3 + q**2/2 - 5*q. Calculate f(-5).
-4
Let p(z) be the second derivative of -z**4/6 + 18*z. Give p(2).
-8
Suppose 3*a + 0*a + 6 = 0, 4*s + 4 = -2*a. Suppose s = p - 3*z - 8, -18 = -5*p - 0*z + 4*z. Let l(u) = 4*u**p - 5 + u**2 - u**3 + 0 + 3. What is l(5)?
-2
Let h(g) = g - 19*g**2 + 5 - 2 - 4. Determine h(1).
-19
Suppose 21 = -5*b - 2*z, -2*b = 2*z + z + 4. Let d(j) = 4 - j + 7*j**2 - 2*j**2 - 3*j - 6*j**2. What is d(b)?
-1
Let u(n) = -8*n**2 - 6*n - 23. Let m(a) = 3*a**2 + 2*a + 8. Let i(d) = 17*m(d) + 6*u(d). Determine i(2).
6
Let k(u) be the first derivative of 7*u**2/2 + u - 1. Suppose 4 - 8 = -4*a. Give k(a).
8
Let d(u) = -u**3 - 4*u**2 - u - 5. Let b(a) = a**2 + 4*a - 1. Let g = 5 - 8. Let m be b(g). Calculate d(m).
-1
Let b = 3 + 0. Let t be 6/39 - 74/(-26). Let p(x) = -b*x**3 + 2*x**2 - 3*x + 3*x**2 + 3*x**t - x**3. Calculate p(4).
4
Let g = -35 - -39. Let a(n) be the first derivative of -n**4/4 + n**3 + 3*n**2/2 + 5*n + 1. Calculate a(g).
1
Let y(u) = u - 1. Suppose o = 2*t - 8, -8*t + 3*t + 2*o = -19. Give y(t).
2
Let l(m) = -2*m + 15. Let u(r) = 3*r - 22. Let n(j) = 8*l(j) + 5*u(j). Suppose -5 = -h - 0. Determine n(h).
5
Suppose 8 = -v + 2*v. Let j(y) = y + 2. Let b be j(-4). Let w be -2 + (v*-1)/b. Let l(p) = 2*p**2 - 3*p + 3. Determine l(w).
5
Suppose 0 = 5*k - 2*k. Let g(t) = k + 0 + 6*t + 20*t**2 - 21*t**2. Give g(6).
0
Let q(n) be the second derivative of -n**5/60 + n**4/4 - 5*n**3/6 - n**2 + n. Let g(x) be the first derivative of q(x). Determine g(4).
3
Suppose -y - 16 = 3*y. Let c(f) be the first derivative of -f**2/2 + f + 29. What is c(y)?
5
Suppose 5*n = -3*k + 2*n - 3, 2*k = n + 13. Let h be (k/1)/(2/3). Let g be ((-15)/h)/((-2)/4). Let i(s) = s**3 - 6*s**2 + 7*s - 5. Determine i(g).
5
Suppose l - 24 = -3*l. Let k = l - 4. Let i(r) be the second derivative of -r**4/6 + r**3/3 + r**2/2 + 16*r. Calculate i(k).
-3
Let h(w) = 2*w + 4. Let s(j) = -9*j**2 + 4*j + 13. Let t(i) = -5*i**2 + 2*i + 7. Let m(z) = 4*s(z) - 7*t(z). Let q be m(4). What is h(q)?
-6
Let h(k) = k**3 - 4*k**2 - 2*k + 4. Let i be (2/4)/((-2)/(-4)). Let b be i/(2 + 11/(-6)). Suppose b*x - 3*x = 12. What is h(x)?
-4
Let o(w) = w**2 + 6*w + 1. Let g(v) = -2*v**2 + 4 + 5*v - 5*v - 3 + 4*v. Let d be g(3). Give o(d).
-4
Suppose 2*h - h = 0. Let i(g) = g**2 + h*g + 0*g**2 - 1 - g. Give i(-2).
5
Let v(t) = -9*t + 9. Let g(p) be the first derivative of -3*p**2/2 + 3*p + 1. Let s(f) = 17*g(f) - 6*v(f). Determine s(2).
3
Let d(g) = -10*g + 9*g + 2*g. Determine d(7).
7
Let l = 272 + -276. Let j(h) = 0 - 2 - 2*h + 1. What is j(l)?
7
Let w(v) = -v**2 - 3*v + 5. Let x = -21 - -17. Calculate w(x).
1
Let g = -2 + 5. Let q(k) = -3*k + g*k + k + k. Calculate q(-1).
-2
Let z = 1 - -3. Suppose -5*i + z = -i - 4*f, -2*f + 23 = 3*i. Let h(b) = b**3 - 5*b**2 - 3*b + 7. Give h(i).
-8
Let z(f) = -5*f**2 - f - 2. Let d(j) = -1. Let g(n) = 3*d(n) - z(n). What is g(1)?
5
Let q(y) = -y**2 - 4*y. Let a = 2 + -6. Let w be q(a). Let m(g) = -g + 4 - 1 - 2. Determine m(w).
1
Suppose -5*c = -2*h + 6*h + 5, -5*c + 40 = -5*h. Let r be 1 + -6 + c + 1. Let j(b) = -5*b. Calculate j(r).
5
Let h(k) be the third derivative of -1/30*k**6 - 2/3*k**3 + 0 + 0*k + k**2 - 1/24*k**4 - 1/120*k**5. Let z(c) be the first derivative of h(c). Calculate z(-1).
-12
Let t(l) = l**3 - l**2 + l - 2. Suppose -j + 2*w = 17, 22 = -5*w - 3. Let h = j + 27. Calculate t(h).
-2
Let k(s) = -10*s**2 - s. Let w be (-2)/6 - 10/(-3) - 4. What is k(w)?
-9
Suppose -4*g + 40 = -0*g. Let s = -11 + g. Let c(z) = -9*z**2 + z. Calculate c(s).
-10
Let c(z) = z**3 + 6*z**2 + 4*z - 7. Suppose -3*y + 12 = -y - 2*x, 0 = y - 3*x - 14. Suppose y = -u + 46. Let w be u/(-8) + 2/4. Determine c(w).
-2
Let w(a) = -2*a - 2. Let i be w(-1). Let f(o) be the first derivative of -o**4/24 + 7*o**3/6 - o**2 - 2. Let n(z) be the second derivative of f(z). Give n(i).
7
Let n(r) = 4 + 2*r - 3 + 3*r - r**2. Give n(5).
1
Let j(p) = -6*p. Let q(w) = -5*w - 9. Let f(z) = -6*z - 10. Let h(l) = 4*f(l) - 5*q(l). Let n = 5 - 9. Let v be h(n). Calculate j(v).
-6
Let h(r) = -r**3 - r**2 - 10. Let c(l) = -l**2 - 1. Let y(f) = -5*c(f) + h(f). Determine y(4).
-5
Suppose 2*y + s = -4*s - 11, -y - 4 = s. Let k(m) = -m**3 - 4*m**2 - 2*m + 3. What is k(y)?
0
Suppose 3*n - 4 = h + n, -5*h = -3*n - 1. Let o = -6